o - 4*l = 200, -2*o = -q*o + 5*l + 156. Let v = o + -27. Does 10 divide v?
True
Suppose -5*v + 123 = 4*k, 5*v - 2*v + 18 = k. Is k a multiple of 3?
True
Let g = -2 + 4. Let t be 2/(2/(-2 - g)). Let m(p) = p**2 - p - 2. Does 9 divide m(t)?
True
Let j(o) = -o**2 - 6*o - 2. Let r be j(-5). Let b(t) = -2*t + 1 + r*t - 4*t. Is 4 a factor of b(-3)?
False
Suppose 0 + 6 = -u. Is 3*68/u*-1 a multiple of 11?
False
Suppose r + 17 = 85. Is r a multiple of 12?
False
Suppose -7*y + 34 = -106. Is y a multiple of 20?
True
Suppose 630 + 378 = 14*q. Is 9 a factor of q?
True
Let o(i) = -i**3 + i. Let a be o(-2). Suppose -74 = -2*f - 2*n + a*n, -n - 126 = -3*f. Is f a multiple of 10?
False
Let x = -4 - -7. Suppose -14 = -q + x*q. Let w(l) = -l**3 - 6*l**2 + 6*l - 1. Is w(q) a multiple of 5?
False
Let a(l) = l**3 - 6*l**2 + 4*l + 8. Let u = 3 + 2. Is 3 a factor of a(u)?
True
Let b(f) = 2*f**2 + 4*f + 15. Does 28 divide b(7)?
False
Suppose 3 = 4*k - 5. Suppose 72 = 5*b + 3*a, 0*b - k*a = -3*b + 47. Is 7 a factor of b?
False
Let y be (-12)/10*(-5)/(-2). Let c be (y - -6) + (-2 - -2). Suppose 0 = u - c*u + 20. Is 6 a factor of u?
False
Suppose -5*z - 3 = -23. Suppose 3*w + 6 = 3*l, -5*w = z*l - 2 - 15. Is l/3*-2*-9 a multiple of 9?
True
Let z = -12 - -6. Let t = z - -9. Suppose -11 = x - 2*x + 2*p, -t*x = 3*p - 33. Is 11 a factor of x?
True
Suppose 0 = 4*o - 902 + 254. Does 18 divide o?
True
Let w be (-2)/(-2) + 0 + 4. Suppose -w*v + 2*f = -285, -2*v + f = 3*f - 128. Is 23 a factor of v?
False
Let k(j) = -j - 4. Let n be k(-6). Is 4 a factor of (3/(-9))/(n/(-66))?
False
Let m(r) = -25*r**3 + 0*r + 7*r**2 - 7*r**2 - r**2 - r. Does 11 divide m(-1)?
False
Suppose 0 = 5*t - 4*t + 1. Let u be (-2)/(-4)*t*-2. Let l = 5 + u. Does 6 divide l?
True
Suppose 150 = n + 2*n. Suppose 4*a = -3*c + 193, a - n - 12 = 2*c. Suppose d = -3*d + a. Is d a multiple of 5?
False
Suppose -4*s + 5*j + 0*j = -22, 5*s - 2*j - 19 = 0. Suppose s*g = -2*g + 210. Suppose o + 3*o + 2*b = g, -2*o + 19 = 3*b. Does 11 divide o?
True
Suppose -i = 3*i. Suppose -6*j + 2*j - 2*k + 230 = 0, -j - k + 59 = i. Suppose j + 85 = 3*x. Is x a multiple of 19?
False
Let d(l) = l**3 - 2*l**2 + 3*l + 3. Let j = 4 - 6. Let y be d(j). Let b = 17 - y. Does 18 divide b?
True
Let w be (-4 + 14)*3/6. Is 17 a factor of 1/((10/78)/w)?
False
Suppose -i - 2*a = -5 - 7, 5*i - 2*a - 12 = 0. Let x be (0 - i)/(18/(-9)). Does 16 divide x + 1/(3/111)?
False
Let h(y) = y**2 + 8*y - 28. Is 15 a factor of h(-15)?
False
Let p = -53 + 36. Is (p/(-1))/((-1)/(-1)) a multiple of 17?
True
Let w(n) = -5*n**3 - 2*n**2 - 3*n. Let t be w(-2). Is (3 - 0)/(3/t) a multiple of 19?
True
Let n = -17 - -27. Does 2 divide n?
True
Suppose -4*s = 4*s - 664. Is s a multiple of 13?
False
Let w(q) = q**3 - 11*q**2 + 4. Let l be w(11). Suppose -3 = l*u + u - 4*z, -3*u - 7 = -5*z. Let y = u + 5. Does 6 divide y?
True
Let h = -1 - -9. Is (-2)/h + (-580)/(-16) a multiple of 18?
True
Let t(h) = h**3 + 7*h**2 + 9*h + 8. Is t(-5) a multiple of 7?
False
Let z = -14 - -19. Suppose 205 + 95 = z*u. Is u a multiple of 15?
True
Let s = -58 - -94. Let j = s - -38. Does 27 divide j?
False
Let o = -65 + 110. Does 12 divide o?
False
Suppose 2*t = -5*c + 8, -4 = 4*t - 0. Suppose -1 = -c*q + 17. Does 9 divide q?
True
Let i(r) = r + 4. Let a be i(-2). Suppose -a*f - 6 = -0. Is 9 a factor of f/(-3) - (-21 + -2)?
False
Let o be (-7)/(14/(-4)) + 3. Suppose 0 = -o*m + 4*i + 130, 4*m + 2*i - 68 = -2*i. Is m a multiple of 11?
True
Let r = 3 + -5. Let d(g) = -3*g + 2. Let n be d(r). Suppose 3*q - 2*q + n = a, -3*a = -2*q - 28. Does 11 divide a?
False
Is 17 a factor of 20/12 - 2 - (-208)/12?
True
Let t(z) = -z - 2. Let y(p) = -p - 3. Let g(n) = 5*t(n) - 2*y(n). Let v be g(-3). Let r(q) = 2*q**2 - 7*q - 2. Does 13 divide r(v)?
True
Let l = 117 + 103. Is 55 a factor of l?
True
Suppose 0 = -0*g + 3*g + 54. Let w = 9 + g. Is 11 a factor of 3/w*0 - -22?
True
Let k = 73 - 46. Is 3 a factor of k?
True
Let d be (-304)/22 + 4/(-22). Let n = -10 - d. Suppose -x - 4*l = -2*x + 36, -2*x - n*l = -12. Is x a multiple of 16?
True
Suppose -5*i = -2*l - 1112, -4*l = -5*i - l + 1108. Is 23 a factor of i?
False
Let k = 6 - 6. Suppose k = -8*g + 4*g. Suppose -3*p + 15 + 9 = g. Is p a multiple of 4?
True
Suppose -162 = -5*o - 2. Is o a multiple of 14?
False
Suppose 3*m - 2*j - 159 = 0, -2*m = -4*j - j - 117. Does 10 divide m?
False
Does 15 divide 6*(-4 - -6)*2?
False
Let a be (8 + -1)*(0 + 1). Let u = 24 - a. Is 10 a factor of u?
False
Let k(g) = -g**3 - 10*g**2 + 9. Is k(-10) a multiple of 3?
True
Let l(d) = -d**3 - 3*d**2 + 4*d + 5. Let b be (3 - -1) + 3*-1. Let y = -3 - b. Is l(y) a multiple of 5?
True
Suppose 73*h + 2200 = 77*h. Does 15 divide h?
False
Let f be (-21)/(-6) - 2/4. Suppose 4*o = -f*u - u + 184, 2*u = 5*o + 92. Is 11 a factor of u?
False
Let s(u) = -u + 84. Does 28 divide s(0)?
True
Let o(j) = 13*j - 18 - 3*j - j**3 + 5*j**2 - 18*j**2 + j. Is 15 a factor of o(-14)?
False
Suppose n = 5*n - 68. Does 17 divide n?
True
Suppose 6*l - 3*l = 30. Is 5 a factor of l?
True
Suppose 3*w = -2*w + 310. Suppose -6*m = 4*k - m + 70, 4*k + w = -m. Let g = k + 43. Does 14 divide g?
True
Suppose 2*i = 2*t - 94, -2*t + 2*i + 2*i + 102 = 0. Is 4 a factor of t?
False
Let x(r) = r + 5. Let u be x(-3). Let m = u - 3. Is 6 a factor of (12/(-15))/(m/15)?
True
Let o(a) = 5*a**2 + 3*a. Let p(v) = 14*v**2 + 10*v + 1. Let l(d) = 11*o(d) - 4*p(d). Does 6 divide l(-5)?
True
Let l(h) = 2*h + h**2 + 42 - 2*h. Does 17 divide l(0)?
False
Suppose 25 = 4*u - 5*l - 162, -3*u - l = -145. Does 4 divide u?
True
Let n = 80 - -12. Suppose b = 3*m - n, -2*m - 2*b = -3*b - 62. Is 14 a factor of m?
False
Let t(y) be the second derivative of -1/20*y**5 + 1/2*y**4 + 1/2*y**2 + 1/3*y**3 + 0 - y. Is 9 a factor of t(6)?
False
Let t = 5 + 22. Is 9 a factor of t?
True
Let x be (1 - 1) + (1 - -2). Let m = x + 1. Suppose -51 = c - m*c. Is c a multiple of 10?
False
Suppose -12 = -2*q + 100. Does 19 divide q?
False
Let t be (-2)/(-8) - 379/(-4). Suppose -6*c = -3*d - 4*c + 50, -4*d - 3*c = -t. Does 10 divide d?
True
Let b(x) be the third derivative of x**5/60 + x**4/4 + 2*x**3/3 - 5*x**2. Is 8 a factor of b(-7)?
False
Let h = -292 - -413. Does 10 divide h?
False
Suppose 276 - 6826 = 5*w. Is 11 a factor of (-1)/(-4) - w/40?
True
Let j(a) be the second derivative of 11*a**7/2520 - a**5/120 - a**4/12 + a. Let c(v) be the third derivative of j(v). Does 5 divide c(-1)?
True
Let c be 25 + 2/(-4)*2. Let w be (-6)/4 + 58/(-4). Let n = w + c. Does 8 divide n?
True
Is (2/(-4))/((-19)/1406) a multiple of 14?
False
Suppose -3*i - 39 = 9. Let k = i + 31. Does 15 divide k?
True
Let r(j) = 2*j. Suppose 5*c + 25 = 0, -d - 2*d = 5*c + 28. Let g be r(d). Does 3 divide 1 - g*(0 + 1)?
True
Suppose 0 = -2*x - 2*x - 36. Let h be 43 + (0 + -2)/2. Does 7 divide -2 - 3*h/x?
False
Suppose 3*t - 2*a = -0*a - 7, 0 = -2*t + 3*a - 8. Let p be ((-1)/2)/(t/(-4)). Is 2 a factor of p*3/(-1*3)?
True
Suppose 24 + 142 = 2*s. Let u = s + -41. Is u a multiple of 13?
False
Does 6 divide ((-36)/(-30))/(3/45)?
True
Suppose -6*w + 3*d + 70 = -2*w, 5*w - 2*d - 84 = 0. Suppose 2*p - w = 88. Does 26 divide p?
True
Let w(s) = -4*s**3 - 7*s. Let f(z) = -z**3 - z**2. Let v(u) = -5*f(u) + w(u). Let c be v(-6). Suppose j = c*j - 110. Is j a multiple of 22?
True
Suppose 3 = -4*v + 23, 0 = 4*k + 2*v - 374. Is 22 a factor of k?
False
Let d be 2/6*177*-1. Let i = -23 - d. Does 9 divide i?
True
Let v(c) = -c + 2. Let b be v(0). Let y be (4/b - -1) + 1. Suppose 2*g + 5*j - 185 = -3*g, 2*g - 62 = y*j. Does 16 divide g?
False
Let k = 37 - 26. Does 4 divide k?
False
Let f = 104 - -1. Is 21 a factor of f?
True
Suppose 4*s = -s + l - 20, -s - 5*l - 4 = 0. Let h be (-18)/(-4)*s/(-3). Is 8 a factor of 92/h - (-4)/6?
True
Let z(d) = 2*d + 5. Let b be 1/4 - (-114)/24. Suppose b*y - 24 - 16 = 3*l, 2*y - 16 = 5*l. Is 10 a factor of z(y)?
False
Suppose 3*h + 2*n + 4 = 0, 2*n = -2*h - 0*n - 6. Suppose -3*c - 44 = -5*c. Suppose -b - c + h = -4*m, -4*m = -2*b - 24. Is 2 a factor of m?
True
Suppose 4*h - 4 - 4 = 0. Suppose 0 = -h*p - 3*p. Suppose z - 25 - 2 = -5*j, j + 3 = p. Does 14 divide z?
True
Let l be (12/(-5))/((-5)/(-25)). Let z = -8 - l. Is z even?
True
Let z = -6 + 6. Suppose z = -0*f - f + 21. Let a = f 